{"id":2848,"date":"2026-01-18T13:18:47","date_gmt":"2026-01-18T13:18:47","guid":{"rendered":"https:\/\/www.liannedamen.nl\/?page_id=2848"},"modified":"2026-01-18T13:18:47","modified_gmt":"2026-01-18T13:18:47","slug":"meeslepend-plot","status":"publish","type":"page","link":"https:\/\/www.liannedamen.nl\/index.php\/meeslepend-plot\/","title":{"rendered":"Meeslepend plot"},"content":{"rendered":"\n<h1 class=\"wp-block-heading\">Met En garde stapte ik een andere tijd binnen \u2014 en liet het me niet meer los<\/h1>\n\n\n\n<p>Wendy van Lierop op Hebban<\/p>\n\n\n\n<p>In En garde neemt Lianne Damen je mee naar het achttiende\u2011eeuwse Frankrijk, een periode vol politieke intriges, eergevoel en sociale conventies. Vanaf de eerste bladzijde voelt het alsof je een springlevende geschiedenisles binnenstapt. De manier waarop Damen de sfeer van die tijd weet op te roepen, maakt dat je moeiteloos wordt ondergedompeld in een wereld die zowel herkenbaar als vervreemdend is. De historische omgeving vormt niet alleen een decor, maar draagt actief bij aan de kracht van het verhaal.<\/p>\n\n\n\n<p>Centraal in dit bijzondere boek staat de spanning tussen identiteit en perceptie, tussen wie je bent en hoe je wordt gezien. En garde laat overtuigend zien hoe uiterlijk en gedrag verwachtingen oproepen die niet altijd kloppen. Hierdoor ontstaat een gelaagde vertelling waarin maatschappelijke normen en persoonlijke autonomie voortdurend botsen, en waarin elke sc\u00e8ne subtiel laat voelen hoe kwetsbaar en tegelijkertijd veerkrachtig mensen kunnen zijn.<\/p>\n\n\n\n<p>Het hoofdpersonage is daarbij een van de meest intrigerende elementen van het verhaal. Deze man, door zijn fr\u00eale postuur en bedachtzame uitstraling vaak aangezien voor een vrouw, roept zowel verwarring als bewondering op bij de mensen om hem heen. Zijn diplomatieke karakter en uitzonderlijke talent voor schermen maken hem tot iemand die zich niet laat defini\u00ebren door het oordeel van anderen. Juist deze voortdurende wisselwerking tussen hoe hij gezien w\u00f3rdt en wie hij \u00eds, geeft het verhaal een emotionele diepte die lang blijft resoneren.<\/p>\n\n\n\n<p>Damen schildert bovendien een overtuigend beeld van een wereld waarin vrouwen zich staande moeten houden tussen mannen die de regels bepalen. Door deze realiteit te verweven met persoonlijke strijd en historische context ontstaat een roman die zowel krachtig als kwetsbaar is. Je wordt als lezer uitgedaagd om mee te denken, mee te voelen en mee te worstelen met alles wat het hoofdpersonage overkomt \u2014 en tegelijk leer je ongemerkt meer over de tijd waarin hij leeft.<\/p>\n\n\n\n<p>Wat mij het meest heeft gegrepen, is hoe moeiteloos het verhaal je vanaf het begin meeneemt op een reis die zowel avontuurlijk als betekenisvol is. En garde biedt niet alleen een meeslepende plot, maar ook een subtiele reflectie op identiteit, kracht en perceptie. Het is een boek dat nog lang blijft nazinderen, omdat het niet alleen vertelt, maar ook iets laat voelen \u2014 een prachtige leeservaring die ik iedereen kan aanraden.<\/p>\n\n\n\n<p>Tijdens het lezen werd ik regelmatig stilgezet door de manier waarop vrouwen in die tijd werden behandeld \u2014 een confronterende herinnering aan hoe hardnekkig ongelijkheid kan zijn, maar ook hoe waardevol de veranderingen zijn die we sindsdien hebben doorgemaakt. De beschrijvingen van de veldslagen maakten me soms echt verontwaardigd; de rauwheid en de onvoorspelbaarheid ervan kwamen ongefilterd binnen. Maar juist in dat geweld schittert de kracht van Chevalier het meest: zijn vastberadenheid, zijn innerlijke rust en zijn vermogen om zichzelf te blijven in een omgeving die hem voortdurend verkeerd inschat, maakten hem voor mij een onvergetelijk personage. Zijn kracht is geen spierkracht, maar een stille, indrukwekkende vorm van moed \u2014 en dat maakte dit boek des te bijzonderder om te lezen.<\/p>\n","protected":false},"excerpt":{"rendered":"<p>Met En garde stapte ik een andere tijd binnen \u2014 en liet het me niet meer los Wendy van Lierop op Hebban In En garde neemt Lianne Damen je mee naar het achttiende\u2011eeuwse Frankrijk, een periode vol politieke intriges, eergevoel en sociale conventies. Vanaf de eerste bladzijde voelt het alsof je een springlevende geschiedenisles binnenstapt. &hellip; <\/p>\n<p class=\"link-more\"><a href=\"https:\/\/www.liannedamen.nl\/index.php\/meeslepend-plot\/\" class=\"more-link\">Lees verder <span class=\"screen-reader-text\">&#8220;Meeslepend plot&#8221;<\/span><\/a><\/p>\n","protected":false},"author":1,"featured_media":0,"parent":0,"menu_order":0,"comment_status":"closed","ping_status":"closed","template":"","meta":{"footnotes":""},"class_list":["post-2848","page","type-page","status-publish","hentry"],"yoast_head":"<!-- This site is optimized with the Yoast SEO plugin v14.1 - https:\/\/yoast.com\/wordpress\/plugins\/seo\/ -->\n<title>Meeslepend plot - lianne damen<\/title>\n<meta name=\"robots\" content=\"index, follow\" \/>\n<meta name=\"googlebot\" content=\"index, follow, max-snippet:-1, max-image-preview:large, max-video-preview:-1\" \/>\n<meta name=\"bingbot\" content=\"index, follow, max-snippet:-1, max-image-preview:large, max-video-preview:-1\" \/>\n<link rel=\"canonical\" href=\"https:\/\/www.liannedamen.nl\/index.php\/meeslepend-plot\/\" \/>\n<meta property=\"og:locale\" content=\"nl_NL\" \/>\n<meta property=\"og:type\" content=\"article\" \/>\n<meta property=\"og:title\" content=\"Meeslepend plot - lianne damen\" \/>\n<meta property=\"og:description\" content=\"Met En garde stapte ik een andere tijd binnen \u2014 en liet het me niet meer los Wendy van Lierop op Hebban In En garde neemt Lianne Damen je mee naar het achttiende\u2011eeuwse Frankrijk, een periode vol politieke intriges, eergevoel en sociale conventies. Vanaf de eerste bladzijde voelt het alsof je een springlevende geschiedenisles binnenstapt. &hellip; Lees verder &quot;Meeslepend plot&quot;\" \/>\n<meta property=\"og:url\" content=\"https:\/\/www.liannedamen.nl\/index.php\/meeslepend-plot\/\" \/>\n<meta property=\"og:site_name\" content=\"lianne damen\" \/>\n<meta name=\"twitter:card\" content=\"summary_large_image\" \/>\n<script type=\"application\/ld+json\" class=\"yoast-schema-graph\">{\"@context\":\"https:\/\/schema.org\",\"@graph\":[{\"@type\":\"WebSite\",\"@id\":\"https:\/\/www.liannedamen.nl\/#website\",\"url\":\"https:\/\/www.liannedamen.nl\/\",\"name\":\"lianne damen\",\"description\":\"En garde, De smeekbede en andere projecten       \",\"potentialAction\":[{\"@type\":\"SearchAction\",\"target\":\"https:\/\/www.liannedamen.nl\/?s={search_term_string}\",\"query-input\":\"required name=search_term_string\"}],\"inLanguage\":\"nl-NL\"},{\"@type\":\"WebPage\",\"@id\":\"https:\/\/www.liannedamen.nl\/index.php\/meeslepend-plot\/#webpage\",\"url\":\"https:\/\/www.liannedamen.nl\/index.php\/meeslepend-plot\/\",\"name\":\"Meeslepend plot - lianne damen\",\"isPartOf\":{\"@id\":\"https:\/\/www.liannedamen.nl\/#website\"},\"datePublished\":\"2026-01-18T13:18:47+00:00\",\"dateModified\":\"2026-01-18T13:18:47+00:00\",\"inLanguage\":\"nl-NL\",\"potentialAction\":[{\"@type\":\"ReadAction\",\"target\":[\"https:\/\/www.liannedamen.nl\/index.php\/meeslepend-plot\/\"]}]}]}<\/script>\n<!-- \/ Yoast SEO plugin. -->","_links":{"self":[{"href":"https:\/\/www.liannedamen.nl\/index.php\/wp-json\/wp\/v2\/pages\/2848","targetHints":{"allow":["GET"]}}],"collection":[{"href":"https:\/\/www.liannedamen.nl\/index.php\/wp-json\/wp\/v2\/pages"}],"about":[{"href":"https:\/\/www.liannedamen.nl\/index.php\/wp-json\/wp\/v2\/types\/page"}],"author":[{"embeddable":true,"href":"https:\/\/www.liannedamen.nl\/index.php\/wp-json\/wp\/v2\/users\/1"}],"replies":[{"embeddable":true,"href":"https:\/\/www.liannedamen.nl\/index.php\/wp-json\/wp\/v2\/comments?post=2848"}],"version-history":[{"count":1,"href":"https:\/\/www.liannedamen.nl\/index.php\/wp-json\/wp\/v2\/pages\/2848\/revisions"}],"predecessor-version":[{"id":2849,"href":"https:\/\/www.liannedamen.nl\/index.php\/wp-json\/wp\/v2\/pages\/2848\/revisions\/2849"}],"wp:attachment":[{"href":"https:\/\/www.liannedamen.nl\/index.php\/wp-json\/wp\/v2\/media?parent=2848"}],"curies":[{"name":"wp","href":"https:\/\/api.w.org\/{rel}","templated":true}]}}