{"id":216,"date":"2020-03-13T15:27:55","date_gmt":"2020-03-13T15:27:55","guid":{"rendered":"http:\/\/dev.liannedamen.nl\/?page_id=216"},"modified":"2026-03-20T10:29:31","modified_gmt":"2026-03-20T10:29:31","slug":"over-de-auteur-van-de-smeekbede","status":"publish","type":"page","link":"https:\/\/www.liannedamen.nl\/index.php\/over-de-auteur-van-de-smeekbede\/","title":{"rendered":"Over de auteur"},"content":{"rendered":"\n<div class=\"wp-block-media-text alignwide has-media-on-the-right\" style=\"grid-template-columns:auto 36%\"><div class=\"wp-block-media-text__content\">\n<p>Haar tweede historische roman <em>En garde<\/em> kwam eind oktober 2025 uit bij Ambo Anthos Uitgevers. Mede mogelijk gemaakt door steun van de <em>Regeling projecten en werkbeurzen auteurs <\/em>van de <a href=\"https:\/\/auteursbond.nl\/\">Auteursbond<\/a> en een schrijfretraite in het<a href=\"https:\/\/www.liannedamen.nl\/index.php\/2023\/03\/01\/verblijf-in-roland-holsthuis\/\"> Roland Holsthuis<\/a> in Bergen. Van Lianne Damen verscheen in 2020 de debuutroman <em>De smeekbede<\/em>. <\/p>\n<\/div><figure class=\"wp-block-media-text__media\"><img loading=\"lazy\" decoding=\"async\" width=\"813\" height=\"1024\" src=\"http:\/\/www.liannedamen.nl\/wp-content\/uploads\/2023\/09\/LianneDamen\u00a9ChrisvanHouts-PORTRET-2-813x1024.jpg\" alt=\"\" class=\"wp-image-2106 size-full\" srcset=\"https:\/\/www.liannedamen.nl\/wp-content\/uploads\/2023\/09\/LianneDamen\u00a9ChrisvanHouts-PORTRET-2-813x1024.jpg 813w, https:\/\/www.liannedamen.nl\/wp-content\/uploads\/2023\/09\/LianneDamen\u00a9ChrisvanHouts-PORTRET-2-238x300.jpg 238w, https:\/\/www.liannedamen.nl\/wp-content\/uploads\/2023\/09\/LianneDamen\u00a9ChrisvanHouts-PORTRET-2-768x968.jpg 768w, https:\/\/www.liannedamen.nl\/wp-content\/uploads\/2023\/09\/LianneDamen\u00a9ChrisvanHouts-PORTRET-2.jpg 947w\" sizes=\"auto, (max-width: 767px) 89vw, (max-width: 1000px) 54vw, (max-width: 1071px) 543px, 580px\" \/><\/figure><\/div>\n\n\n\n<div class=\"wp-block-media-text alignwide\" style=\"grid-template-columns:41% auto\"><figure class=\"wp-block-media-text__media\"><img loading=\"lazy\" decoding=\"async\" width=\"1024\" height=\"1024\" src=\"https:\/\/www.liannedamen.nl\/wp-content\/uploads\/2025\/04\/Via_SC_voluit-1024x1024.png\" alt=\"\" class=\"wp-image-2425 size-full\" srcset=\"https:\/\/www.liannedamen.nl\/wp-content\/uploads\/2025\/04\/Via_SC_voluit-1024x1024.png 1024w, https:\/\/www.liannedamen.nl\/wp-content\/uploads\/2025\/04\/Via_SC_voluit-300x300.png 300w, https:\/\/www.liannedamen.nl\/wp-content\/uploads\/2025\/04\/Via_SC_voluit-150x150.png 150w, https:\/\/www.liannedamen.nl\/wp-content\/uploads\/2025\/04\/Via_SC_voluit-768x768.png 768w, https:\/\/www.liannedamen.nl\/wp-content\/uploads\/2025\/04\/Via_SC_voluit-1536x1536.png 1536w, https:\/\/www.liannedamen.nl\/wp-content\/uploads\/2025\/04\/Via_SC_voluit-2048x2048.png 2048w, https:\/\/www.liannedamen.nl\/wp-content\/uploads\/2025\/04\/Via_SC_voluit-100x100.png 100w\" sizes=\"auto, (max-width: 767px) 89vw, (max-width: 1000px) 54vw, (max-width: 1071px) 543px, 580px\" \/><\/figure><div class=\"wp-block-media-text__content\">\n<p> Wil je een lezing, voorleessessie of leesclubbijeenkomst organiseren? Online of live? Neem dan <a href=\"https:\/\/www.liannedamen.nl\/index.php\/contact-de-smeekbede\/\">contact<\/a> op met de <a href=\"https:\/\/deschrijverscentrale.nl\/auteurs\/1518992\">Schrijverscentrale<\/a>. Dat kan ook voor een geschiedenis- of literatuurles op school, hogeschool of universiteit. <\/p>\n<\/div><\/div>\n\n\n\n<p>Voor Sergio Vyent tekende ze zijn levensverhaal op in de uitgave <em>Het land van Onverwagt<\/em> van uitgeverij Luitingh Sijthoff (Amsterdam, 2023). <\/p>\n\n\n\n<p>Ze is eindredacteur van <a href=\"https:\/\/plotmagazine.nl\/over-plot\/\">Plot, het magazine voor scenarioschrijvers<\/a> (van Netwerk Scenarioschrijvers\/ Auteursbond) en schrijft interviews en longreads voor het blad dat maandelijks nieuwe artikelen op de site plaatst.<\/p>\n\n\n\n<p>Ze werkt aan filmprojecten in ontwikkeling. Eerder werkte ze mee aan een middellange film in het kader van het project <a href=\"https:\/\/screen-talent.nl\/activiteit\/5-projecten-worden-gerealiseerd-binnen-het-beloofde-land\/\">Het Beloofde Land<\/a> van Screentalent NL.<\/p>\n\n\n\n<p>Ze schreef de filmscenario\u2019s voor <em>Sync<\/em> (IJswater\/NPO, 2013) en de jeugdfilm <em>Daan durft<\/em> (IJswater\/KRO\/NCRV, 2014) en het korte verhaal &#8216;Wilde kust&#8217; in de bundel <em>Historische Verhalen. Korte verhalen uit de Gouden Eeuw<\/em>. (Uitgeverij Historische Verhalen, Leiden 2017).  <\/p>\n\n\n\n<p>Ze studeerde geschiedenis aan de Universiteit Utrecht (internationale betrekkingen, kunstgeschiedenis en kolonialisme).  Lange tijd was ze uitgever bij verschillende uitgeverijen, waaronder de <a href=\"http:\/\/www.liannedamen.nl\/index.php\/eerder-uitgegeven\/\">uitgeverij<\/a> van het Tropeninstituut in Amsterdam (KIT Publishers).  <\/p>\n\n\n\n<p>Ze volgde o.a. schrijfcursussen aan de <a href=\"https:\/\/www.schrijversvakschool.nl\/\">Schrijversvakschool<\/a>, die haar hierover enkele vragen stelde:  &#8216;<em><a href=\"https:\/\/www.schrijversvakschool.nl\/publicaties\/299-liannedamen\">Kun je schrijven leren?<\/a><\/em> Dat kan, maar inspiratie alleen is niet genoeg.&#8217; <a href=\"https:\/\/www.liannedamen.nl\/index.php\/schrijversvakschool\/\">Lees verder<\/a>. <\/p>\n\n\n\n<p>Tegenwoordig is ze auteur, scenarioschrijver, ghostwriter en zelfstandig redacteur.  Kijk voor meer op  <a href=\"http:\/\/www.ampersand-ampersandproducties.nl\/\">ampersand &amp; ampersand producties<\/a>, <a href=\"https:\/\/www.linkedin.com\/in\/liannedamen\/\">LinkedIn<\/a>, <a href=\"https:\/\/www.instagram.com\/damenlianne\/\">Instagram<\/a>, <a href=\"https:\/\/www.facebook.com\/lianne.damen.50\">Facebook <\/a>of <a href=\"https:\/\/www.imdb.com\/name\/nm5551843\/?ref_=fn_al_nm_1\">IMDb<\/a>.  <\/p>\n\n\n<div class=\"wp-block-image wp-block-image aligncenter size-large is-resized\">\n<figure class=\"\"><img loading=\"lazy\" decoding=\"async\" width=\"552\" height=\"777\" src=\"https:\/\/www.liannedamen.nl\/wp-content\/uploads\/2023\/09\/posters.png\" alt=\"\" class=\"wp-image-2107\" srcset=\"https:\/\/www.liannedamen.nl\/wp-content\/uploads\/2023\/09\/posters.png 552w, https:\/\/www.liannedamen.nl\/wp-content\/uploads\/2023\/09\/posters-213x300.png 213w\" sizes=\"auto, (max-width: 552px) 100vw, 552px\" \/><figcaption class=\"wp-element-caption\"> <em>Sync (2013), Daan durft (2014) en Wilde Kust (2017)<\/em> <\/figcaption><\/figure><\/div>\n\n\n<h3 class=\"wp-block-heading\">Sync <\/h3>\n\n\n\n<p>Een gezamenlijke commissie van het Nederlands Filmfonds, het Mediafonds en de NTR koos het scenario <em>SYNC <\/em> uit voor KORT!, het jaarlijkse project voor de korte film (2013).  Producen:  Marc Bary (IJswater Films), regisseur: Mari Sanders. De film beleefde tijdens het Nederlands Film Festival 2013 zijn bioscooppremi\u00e8re en werd door de NTR op tv uitgezonden. De film draaide op twaalf internationale festivals. Zie ook <a href=\"https:\/\/www.imdb.com\/title\/tt2739922\/?ref_=nm_knf_t2\">IMDb<\/a>. Of <a href=\"https:\/\/www.liannedamen.nl\/index.php\/sync\/\">lees hier meer.<\/a><\/p>\n\n\n\n<h3 class=\"wp-block-heading\">Daan durft<\/h3>\n\n\n\n<p>De korte jeugdfilm <em>Daan durft<\/em> (in opdracht van IJswater en KRO\/NCRV en in samenwerking met Mari Sanders) was op 16 augustus 2014 op televisie te zien (Z@pp, NPO 3). Ook werd de film vertoond op het Nederlandse Film Festival (2014) in Utrecht en tijdens Cinekid in Amsterdam (2014). <\/p>\n\n\n\n<p><em>Daan durft <\/em>werd in het kader van de EBU Eurovision Drama Exchange \u2013 een jaarlijks uitwisselingsprogramma van Europese televisieomroepen \u2013 gemaakt en op tv uitgezonden in Duitsland, Kroati\u00eb, Wales, Sloveni\u00eb, Tsjechi\u00eb en UK.  De film werd voor vijfendertig filmfestivals geselecteerd. <a href=\"https:\/\/www.imdb.com\/title\/tt3485094\/?ref_=nm_knf_t1\">Zie ook IMDb<\/a>. Of l<a href=\"https:\/\/www.liannedamen.nl\/index.php\/daan-durft\/\">ees hier meer. <\/a><\/p>\n\n\n\n<h3 class=\"wp-block-heading\">Wilde kust<\/h3>\n\n\n\n<p>Het prijswinnende verhaal &#8216;Wilde kust&#8217; verscheen in de bundel <em>Historische Verhalen. Korte verhalen uit de Gouden Eeuw<\/em>. Paul Christiaan Smis in het juryrapport: &#8216;Het is een prachtige, sfeervolle en gevoelige vertelling.&#8217; <a href=\"http:\/\/www.liannedamen.nl\/index.php\/wilde-kust-historische-verhalen-uit-de-gouden-eeuw\/\">Lees meer.<\/a><\/p>\n","protected":false},"excerpt":{"rendered":"<p>Haar tweede historische roman En garde kwam eind oktober 2025 uit bij Ambo Anthos Uitgevers. Mede mogelijk gemaakt door steun van de Regeling projecten en werkbeurzen auteurs van de Auteursbond en een schrijfretraite in het Roland Holsthuis in Bergen. Van Lianne Damen verscheen in 2020 de debuutroman De smeekbede. Wil je een lezing, voorleessessie of &hellip; <\/p>\n<p class=\"link-more\"><a href=\"https:\/\/www.liannedamen.nl\/index.php\/over-de-auteur-van-de-smeekbede\/\" class=\"more-link\">Lees verder <span class=\"screen-reader-text\">&#8220;Over de auteur&#8221;<\/span><\/a><\/p>\n","protected":false},"author":1,"featured_media":0,"parent":0,"menu_order":0,"comment_status":"closed","ping_status":"closed","template":"","meta":{"footnotes":""},"class_list":["post-216","page","type-page","status-publish","hentry"],"yoast_head":"<!-- This site is optimized with the Yoast SEO plugin v14.1 - https:\/\/yoast.com\/wordpress\/plugins\/seo\/ -->\n<title>Over de auteur - lianne damen<\/title>\n<meta name=\"description\" content=\"Lianne Damen (1969) studeerde geschiedenis aan de Universiteit Utrecht. Ze was lange tijd uitgever bij verschillende uitgeverijen. Tegenwoordig is ze zelfstandig redacteur, scenarioschrijver en auteur. Ze schreef de filmscenario\u2019s voor &#039;Sync&#039; en &#039;Daan durft&#039; en het korte verhaal \u2018Wilde kust\u2019 in de bundel &#039;Historische Verhalen. Korte verhalen uit de Gouden Eeuw&#039;.\" \/>\n<meta name=\"robots\" content=\"index, follow\" \/>\n<meta name=\"googlebot\" content=\"index, follow, max-snippet:-1, max-image-preview:large, max-video-preview:-1\" \/>\n<meta name=\"bingbot\" content=\"index, follow, max-snippet:-1, max-image-preview:large, max-video-preview:-1\" \/>\n<link rel=\"canonical\" href=\"https:\/\/www.liannedamen.nl\/index.php\/over-de-auteur-van-de-smeekbede\/\" \/>\n<meta property=\"og:locale\" content=\"nl_NL\" \/>\n<meta property=\"og:type\" content=\"article\" \/>\n<meta property=\"og:title\" content=\"Over de auteur - lianne damen\" \/>\n<meta property=\"og:description\" content=\"Lianne Damen (1969) studeerde geschiedenis aan de Universiteit Utrecht. Ze was lange tijd uitgever bij verschillende uitgeverijen. Tegenwoordig is ze zelfstandig redacteur, scenarioschrijver en auteur. Ze schreef de filmscenario\u2019s voor &#039;Sync&#039; en &#039;Daan durft&#039; en het korte verhaal \u2018Wilde kust\u2019 in de bundel &#039;Historische Verhalen. Korte verhalen uit de Gouden Eeuw&#039;.\" \/>\n<meta property=\"og:url\" content=\"https:\/\/www.liannedamen.nl\/index.php\/over-de-auteur-van-de-smeekbede\/\" \/>\n<meta property=\"og:site_name\" content=\"lianne damen\" \/>\n<meta property=\"article:modified_time\" content=\"2026-03-20T10:29:31+00:00\" \/>\n<meta property=\"og:image\" content=\"http:\/\/www.liannedamen.nl\/wp-content\/uploads\/2023\/09\/LianneDamen\u00a9ChrisvanHouts-PORTRET-2-813x1024.jpg\" \/>\n<meta name=\"twitter:card\" content=\"summary_large_image\" \/>\n<script type=\"application\/ld+json\" class=\"yoast-schema-graph\">{\"@context\":\"https:\/\/schema.org\",\"@graph\":[{\"@type\":\"WebSite\",\"@id\":\"https:\/\/www.liannedamen.nl\/#website\",\"url\":\"https:\/\/www.liannedamen.nl\/\",\"name\":\"lianne damen\",\"description\":\"En garde, De smeekbede en andere projecten       \",\"potentialAction\":[{\"@type\":\"SearchAction\",\"target\":\"https:\/\/www.liannedamen.nl\/?s={search_term_string}\",\"query-input\":\"required name=search_term_string\"}],\"inLanguage\":\"nl-NL\"},{\"@type\":\"ImageObject\",\"@id\":\"https:\/\/www.liannedamen.nl\/index.php\/over-de-auteur-van-de-smeekbede\/#primaryimage\",\"inLanguage\":\"nl-NL\",\"url\":\"http:\/\/www.liannedamen.nl\/wp-content\/uploads\/2023\/09\/LianneDamen\\u00a9ChrisvanHouts-PORTRET-2-813x1024.jpg\"},{\"@type\":\"WebPage\",\"@id\":\"https:\/\/www.liannedamen.nl\/index.php\/over-de-auteur-van-de-smeekbede\/#webpage\",\"url\":\"https:\/\/www.liannedamen.nl\/index.php\/over-de-auteur-van-de-smeekbede\/\",\"name\":\"Over de auteur - lianne damen\",\"isPartOf\":{\"@id\":\"https:\/\/www.liannedamen.nl\/#website\"},\"primaryImageOfPage\":{\"@id\":\"https:\/\/www.liannedamen.nl\/index.php\/over-de-auteur-van-de-smeekbede\/#primaryimage\"},\"datePublished\":\"2020-03-13T15:27:55+00:00\",\"dateModified\":\"2026-03-20T10:29:31+00:00\",\"description\":\"Lianne Damen (1969) studeerde geschiedenis aan de Universiteit Utrecht. Ze was lange tijd uitgever bij verschillende uitgeverijen. Tegenwoordig is ze zelfstandig redacteur, scenarioschrijver en auteur. Ze schreef de filmscenario\\u2019s voor 'Sync' en 'Daan durft' en het korte verhaal \\u2018Wilde kust\\u2019 in de bundel 'Historische Verhalen. Korte verhalen uit de Gouden Eeuw'.\",\"inLanguage\":\"nl-NL\",\"potentialAction\":[{\"@type\":\"ReadAction\",\"target\":[\"https:\/\/www.liannedamen.nl\/index.php\/over-de-auteur-van-de-smeekbede\/\"]}]}]}<\/script>\n<!-- \/ Yoast SEO plugin. -->","_links":{"self":[{"href":"https:\/\/www.liannedamen.nl\/index.php\/wp-json\/wp\/v2\/pages\/216","targetHints":{"allow":["GET"]}}],"collection":[{"href":"https:\/\/www.liannedamen.nl\/index.php\/wp-json\/wp\/v2\/pages"}],"about":[{"href":"https:\/\/www.liannedamen.nl\/index.php\/wp-json\/wp\/v2\/types\/page"}],"author":[{"embeddable":true,"href":"https:\/\/www.liannedamen.nl\/index.php\/wp-json\/wp\/v2\/users\/1"}],"replies":[{"embeddable":true,"href":"https:\/\/www.liannedamen.nl\/index.php\/wp-json\/wp\/v2\/comments?post=216"}],"version-history":[{"count":67,"href":"https:\/\/www.liannedamen.nl\/index.php\/wp-json\/wp\/v2\/pages\/216\/revisions"}],"predecessor-version":[{"id":2996,"href":"https:\/\/www.liannedamen.nl\/index.php\/wp-json\/wp\/v2\/pages\/216\/revisions\/2996"}],"wp:attachment":[{"href":"https:\/\/www.liannedamen.nl\/index.php\/wp-json\/wp\/v2\/media?parent=216"}],"curies":[{"name":"wp","href":"https:\/\/api.w.org\/{rel}","templated":true}]}}