{"id":1159,"date":"2020-11-02T14:16:39","date_gmt":"2020-11-02T14:16:39","guid":{"rendered":"http:\/\/www.liannedamen.nl\/?page_id=1159"},"modified":"2020-11-04T15:03:07","modified_gmt":"2020-11-04T15:03:07","slug":"indies-tijdschrift-literair-overtuigend","status":"publish","type":"page","link":"https:\/\/www.liannedamen.nl\/index.php\/indies-tijdschrift-literair-overtuigend\/","title":{"rendered":"Indies Tijdschrift: Literair overtuigend"},"content":{"rendered":"\n<p>Door Michiel van Kempen \/ Indies Tijdschrift oktober 2020<\/p>\n\n\n\n<p>&#8216;De brandwond boven haar borst zag zwart met rood.&#8217; Met die\ngriezelige zin opent <em>De smeekbede<\/em> (Orlando,\n2020), een indringende slavernijroman van Lianne Damen. En ruim 300 pagina\u2019s\nverder eindigt het verhaal met: \u2018Ze had om iedereen getreurd\u2019. Twee korte\nzinnen van een nooit ophoudend verdriet. Lianne Damen schrijft het verhaal van\nD\u00e9d\u00e9, die werd geboren op een plantage in Suriname en haar leven eindigde als \u2018de\nvrije Wilhelmina van Kelderman.\u2019<\/p>\n\n\n\n<p>Te reconstrueren valt dat het verhaal begint in 1740, wanneer D\u00e9d\u00e9 negen jaar is en getuige is van de brandmerking van een pas aangekomen meisje. De roman eindigt in 1832 met de grote brand van Paramaribo en de gruwelijke terechtstelling van de drie aanstichters, Cojo, Mentor en Present. Dat kader geeft Lianne Damen de gelegenheid om een eeuw slavernijgeschiedenis goed gedocumenteerd in het verhaal te verwerken. Zij slaagt erin om toch altijd een vernuftig lijntje aan te brengen tussen haar protagonisten en het grote geschiedverhaal. Haar boek is echter vooral zo geslaagd omdat de schrijfster een sensitief psychologisch verhaal heeft weten te cre\u00ebren. D\u00e9d\u00e9 is een doorleefd en grondig uitgespit personage, dat ook af te rekenen heeft met haar eigen bescheiden inborst. Het grootste gedeelte van haar leven brengt zij door op de plantage Portorico, waar ze zich gewaardeerd weet om haar buitengewone kookkunsten en niet door bedstrapatzen. Haar meester, Engelbert Kelderman, ziet, ver van zijn kwezelige vrouw in Holland, andere zwarte vrouwen wel als seksueel tijdverdrijf, maar is eigenlijk vooral onverschillig tegenover zijn huisslaven. Dat versterkt nog eens de indruk hoezeer de slavenbevolking gezien werd als een zaak, zonder enige menselijke psyche. Damen kiest nergens voor de voor de hand liggende weg. Daarom is <em>De smeekbede<\/em> een literair overtuigende nieuwe loot aan de boom van de slavernijliteratuur.<\/p>\n\n\n\n<figure class=\"wp-block-image size-large\"><img loading=\"lazy\" decoding=\"async\" width=\"389\" height=\"585\" src=\"https:\/\/www.liannedamen.nl\/wp-content\/uploads\/2020\/11\/tijdschrift-indies.png\" alt=\"\" class=\"wp-image-1161\" srcset=\"https:\/\/www.liannedamen.nl\/wp-content\/uploads\/2020\/11\/tijdschrift-indies.png 389w, https:\/\/www.liannedamen.nl\/wp-content\/uploads\/2020\/11\/tijdschrift-indies-199x300.png 199w\" sizes=\"auto, (max-width: 389px) 100vw, 389px\" \/><\/figure>\n","protected":false},"excerpt":{"rendered":"<p>Door Michiel van Kempen \/ Indies Tijdschrift oktober 2020 &#8216;De brandwond boven haar borst zag zwart met rood.&#8217; Met die griezelige zin opent De smeekbede (Orlando, 2020), een indringende slavernijroman van Lianne Damen. En ruim 300 pagina\u2019s verder eindigt het verhaal met: \u2018Ze had om iedereen getreurd\u2019. Twee korte zinnen van een nooit ophoudend verdriet. &hellip; <\/p>\n<p class=\"link-more\"><a href=\"https:\/\/www.liannedamen.nl\/index.php\/indies-tijdschrift-literair-overtuigend\/\" class=\"more-link\">Lees verder <span class=\"screen-reader-text\">&#8220;Indies Tijdschrift: Literair overtuigend&#8221;<\/span><\/a><\/p>\n","protected":false},"author":1,"featured_media":0,"parent":0,"menu_order":0,"comment_status":"closed","ping_status":"closed","template":"","meta":{"footnotes":""},"class_list":["post-1159","page","type-page","status-publish","hentry"],"yoast_head":"<!-- This site is optimized with the Yoast SEO plugin v14.1 - https:\/\/yoast.com\/wordpress\/plugins\/seo\/ -->\n<title>Indies Tijdschrift: Literair overtuigend - lianne damen<\/title>\n<meta name=\"description\" content=\"Van Kempen in Indies Tijdschift: &#039;Daarom is De smeekbede een literair overtuigende nieuwe loot aan de boom van de slavernijliteratuur.&#039;\" \/>\n<meta name=\"robots\" content=\"index, follow\" \/>\n<meta name=\"googlebot\" content=\"index, follow, max-snippet:-1, max-image-preview:large, max-video-preview:-1\" \/>\n<meta name=\"bingbot\" content=\"index, follow, max-snippet:-1, max-image-preview:large, max-video-preview:-1\" \/>\n<link rel=\"canonical\" href=\"http:\/\/www.liannedamen.nl\/index.php\/indies-tijdschrift-literair-overtuigend\/\" \/>\n<meta property=\"og:locale\" content=\"nl_NL\" \/>\n<meta property=\"og:type\" content=\"article\" \/>\n<meta property=\"og:title\" content=\"Indies Tijdschrift: Literair overtuigend - lianne damen\" \/>\n<meta property=\"og:description\" content=\"Van Kempen in Indies Tijdschift: &#039;Daarom is De smeekbede een literair overtuigende nieuwe loot aan de boom van de slavernijliteratuur.&#039;\" \/>\n<meta property=\"og:url\" content=\"http:\/\/www.liannedamen.nl\/index.php\/indies-tijdschrift-literair-overtuigend\/\" \/>\n<meta property=\"og:site_name\" content=\"lianne damen\" \/>\n<meta property=\"article:modified_time\" content=\"2020-11-04T15:03:07+00:00\" \/>\n<meta property=\"og:image\" content=\"https:\/\/www.liannedamen.nl\/wp-content\/uploads\/2020\/11\/tijdschrift-indies.png\" \/>\n<meta name=\"twitter:card\" content=\"summary_large_image\" \/>\n<script type=\"application\/ld+json\" class=\"yoast-schema-graph\">{\"@context\":\"https:\/\/schema.org\",\"@graph\":[{\"@type\":\"WebSite\",\"@id\":\"https:\/\/www.liannedamen.nl\/#website\",\"url\":\"https:\/\/www.liannedamen.nl\/\",\"name\":\"lianne damen\",\"description\":\"En garde, De smeekbede en andere projecten       \",\"potentialAction\":[{\"@type\":\"SearchAction\",\"target\":\"https:\/\/www.liannedamen.nl\/?s={search_term_string}\",\"query-input\":\"required name=search_term_string\"}],\"inLanguage\":\"nl-NL\"},{\"@type\":\"ImageObject\",\"@id\":\"http:\/\/www.liannedamen.nl\/index.php\/indies-tijdschrift-literair-overtuigend\/#primaryimage\",\"inLanguage\":\"nl-NL\",\"url\":\"https:\/\/www.liannedamen.nl\/wp-content\/uploads\/2020\/11\/tijdschrift-indies.png\",\"width\":389,\"height\":585},{\"@type\":\"WebPage\",\"@id\":\"http:\/\/www.liannedamen.nl\/index.php\/indies-tijdschrift-literair-overtuigend\/#webpage\",\"url\":\"http:\/\/www.liannedamen.nl\/index.php\/indies-tijdschrift-literair-overtuigend\/\",\"name\":\"Indies Tijdschrift: Literair overtuigend - lianne damen\",\"isPartOf\":{\"@id\":\"https:\/\/www.liannedamen.nl\/#website\"},\"primaryImageOfPage\":{\"@id\":\"http:\/\/www.liannedamen.nl\/index.php\/indies-tijdschrift-literair-overtuigend\/#primaryimage\"},\"datePublished\":\"2020-11-02T14:16:39+00:00\",\"dateModified\":\"2020-11-04T15:03:07+00:00\",\"description\":\"Van Kempen in Indies Tijdschift: 'Daarom is De smeekbede een literair overtuigende nieuwe loot aan de boom van de slavernijliteratuur.'\",\"inLanguage\":\"nl-NL\",\"potentialAction\":[{\"@type\":\"ReadAction\",\"target\":[\"http:\/\/www.liannedamen.nl\/index.php\/indies-tijdschrift-literair-overtuigend\/\"]}]}]}<\/script>\n<!-- \/ Yoast SEO plugin. -->","_links":{"self":[{"href":"https:\/\/www.liannedamen.nl\/index.php\/wp-json\/wp\/v2\/pages\/1159","targetHints":{"allow":["GET"]}}],"collection":[{"href":"https:\/\/www.liannedamen.nl\/index.php\/wp-json\/wp\/v2\/pages"}],"about":[{"href":"https:\/\/www.liannedamen.nl\/index.php\/wp-json\/wp\/v2\/types\/page"}],"author":[{"embeddable":true,"href":"https:\/\/www.liannedamen.nl\/index.php\/wp-json\/wp\/v2\/users\/1"}],"replies":[{"embeddable":true,"href":"https:\/\/www.liannedamen.nl\/index.php\/wp-json\/wp\/v2\/comments?post=1159"}],"version-history":[{"count":3,"href":"https:\/\/www.liannedamen.nl\/index.php\/wp-json\/wp\/v2\/pages\/1159\/revisions"}],"predecessor-version":[{"id":1195,"href":"https:\/\/www.liannedamen.nl\/index.php\/wp-json\/wp\/v2\/pages\/1159\/revisions\/1195"}],"wp:attachment":[{"href":"https:\/\/www.liannedamen.nl\/index.php\/wp-json\/wp\/v2\/media?parent=1159"}],"curies":[{"name":"wp","href":"https:\/\/api.w.org\/{rel}","templated":true}]}}