{"id":1093,"date":"2020-11-01T09:51:08","date_gmt":"2020-11-01T09:51:08","guid":{"rendered":"http:\/\/www.liannedamen.nl\/?page_id=1093"},"modified":"2020-11-07T13:47:37","modified_gmt":"2020-11-07T13:47:37","slug":"een-onvergetelijke-aanklacht-tegen-de-slavernij","status":"publish","type":"page","link":"https:\/\/www.liannedamen.nl\/index.php\/een-onvergetelijke-aanklacht-tegen-de-slavernij\/","title":{"rendered":"Een onvergetelijke aanklacht tegen de slavernij"},"content":{"rendered":"\n<p>door&nbsp;<em>Miriam Vaz Dias<\/em>&nbsp;\/&nbsp;<a href=\"https:\/\/www.miriamvazdias.nl\/recensies\/263-een-onvergetelijke-aanklacht-tegen-de-slavernij\">Blog<\/a>&nbsp;en&nbsp;<a href=\"https:\/\/www.hebban.nl\/recensie\/miriam-vaz-dias-over-de-smeekbede\">Hebban<\/a> \/ <strong>****<\/strong><\/p>\n\n\n\n<p>Suriname en slavernij, we kunnen er niet omheen, Nederlanders speelden daar een rol in. Lang, veel te lang hebben wij dat collectief verdrongen. De slavernij was iets van Amerika en ver van ons bed. Lianne Damen maakt in haar debuutroman&nbsp;<em>De smeekbede<\/em>&nbsp;korte metten met die verdringing. Nederland speelde in de achttiende en negentiende eeuw, zeker in Suriname en in het Caribisch gebied, een vooraanstaande rol zelfs. Zowel wat betreft de \u201caanvoer\u201d van mensen voor de slavenhandel, als voor het houden van slaven zelf.<\/p>\n\n\n\n<p>In&nbsp;<em>De smeekbede&nbsp;<\/em>zijn er twee verhaallijnen. Allereerst is daar D\u00e9d\u00e9, acht jaar oud, haar moeder kwam met een schip uit Afrika, haar vader kent ze niet, hij is verkocht aan een andere handelaar en verdwenen uit hun leven. D\u00e9d\u00e9 leeft het slavenleven als zovele anderen. Niets was van henzelf, zij waren van iemand, geen mensen, maar bezit. Slaven sterven door ziekten en ongelukken. Tijd voor verdriet is er niet of nauwelijks. D\u00e9d\u00e9, of Willemien, zoals ze door de blanken genoemd wordt, wordt verliefd op Quassi, een sterke man, die veel heeft meegemaakt en haar ook al vroeg ontvalt. Twee kinderen sterven ook al vroeg, haar rest \u00e9\u00e9n zoon, Ant\u00f3.<\/p>\n\n\n\n<p>Daarnaast volgen we de levensloop van Engelbert Kelderman, in de tweede helft van de achttiende eeuw student rechten in Utrecht. Zijn leventje is er een van veel slemppartijen en zo min mogelijk studeren. Uiteindelijk rondt hij de studie af, vooral omdat zijn vader hem gemaand heeft nu eens voort te maken, het geld raakt op. Al snel trouwt hij en vestigt hij zich in zijn geboorteplaats Vianen. Aangestoken door vrienden en familieleden, kiest hij ervoor vrouw en kinderen in Vianen achter te laten en zich te vestigen in Suriname, waar hij het beheer krijgt over een aantal plantages.<\/p>\n\n\n\n<p>De kracht van het verhaal zit hem voor een groot deel in de tegenstelling tussen de slavin en de welvarend Hollander. En niet door de zaken zwartwit voor te stellen, nee, Engelbert heeft ook zachte kanten. Hij twijfelt regelmatig aan de juistheid van het handelen van hemzelf en vooral ook van zijn collega\u2019s. Zo ontslaat hij een zogenaamde \u2018blankofficier\u2019 die een slaaf voor de ogen van de anderen zwaar mishandeld heeft. Afschaffen van de slavernij, komt echter niet in zijn gedachten op, dat gaat de kerkganger uit Vianen veel te ver.<\/p>\n\n\n\n<p>Het meest indrukwekkend en ontroerend is de manier waarop Lianne Damen de lezer meeneemt in het leven en denken van D\u00e9d\u00e9. Haar wereld is er een van onderdrukt en niet gezien worden, verlies en gebrek. Ze mag dan kunnen koken als de beste en daarom gevraagd worden bij grote partijen en andere gelegenheden. Ze is en blijft een voorwerp, een stuk gereedschap in de ogen van de blanken. Prachtig is het, hoe D\u00e9d\u00e9 in de loop van haar zo zware leven, toch leert dat zij meer is dan een verlengstuk van de keuken. Al wordt ze ook altijd weer teruggeworpen in de ellende.<\/p>\n\n\n\n<p>Een onvergetelijk boek, dat eigenlijk iedereen gelezen moet hebben. Nergens melodramatisch, maar het komt wel binnen!<\/p>\n","protected":false},"excerpt":{"rendered":"<p>door&nbsp;Miriam Vaz Dias&nbsp;\/&nbsp;Blog&nbsp;en&nbsp;Hebban \/ **** Suriname en slavernij, we kunnen er niet omheen, Nederlanders speelden daar een rol in. Lang, veel te lang hebben wij dat collectief verdrongen. De slavernij was iets van Amerika en ver van ons bed. Lianne Damen maakt in haar debuutroman&nbsp;De smeekbede&nbsp;korte metten met die verdringing. Nederland speelde in de achttiende &hellip; <\/p>\n<p class=\"link-more\"><a href=\"https:\/\/www.liannedamen.nl\/index.php\/een-onvergetelijke-aanklacht-tegen-de-slavernij\/\" class=\"more-link\">Lees verder <span class=\"screen-reader-text\">&#8220;Een onvergetelijke aanklacht tegen de slavernij&#8221;<\/span><\/a><\/p>\n","protected":false},"author":1,"featured_media":0,"parent":0,"menu_order":0,"comment_status":"closed","ping_status":"closed","template":"","meta":{"footnotes":""},"class_list":["post-1093","page","type-page","status-publish","hentry"],"yoast_head":"<!-- This site is optimized with the Yoast SEO plugin v14.1 - https:\/\/yoast.com\/wordpress\/plugins\/seo\/ -->\n<title>Een onvergetelijke aanklacht tegen de slavernij - lianne damen<\/title>\n<meta name=\"description\" content=\"Miriam Vaz Dias op Hebban over De Smeekbede: Een onvergetelijk boek, dat eigenlijk iedereen gelezen moet hebben. Nergens melodramatisch, maar het komt wel binnen!\" \/>\n<meta name=\"robots\" content=\"index, follow\" \/>\n<meta name=\"googlebot\" content=\"index, follow, max-snippet:-1, max-image-preview:large, max-video-preview:-1\" \/>\n<meta name=\"bingbot\" content=\"index, follow, max-snippet:-1, max-image-preview:large, max-video-preview:-1\" \/>\n<link rel=\"canonical\" href=\"http:\/\/www.liannedamen.nl\/index.php\/een-onvergetelijke-aanklacht-tegen-de-slavernij\/\" \/>\n<meta property=\"og:locale\" content=\"nl_NL\" \/>\n<meta property=\"og:type\" content=\"article\" \/>\n<meta property=\"og:title\" content=\"Een onvergetelijke aanklacht tegen de slavernij - lianne damen\" \/>\n<meta property=\"og:description\" content=\"Miriam Vaz Dias op Hebban over De Smeekbede: Een onvergetelijk boek, dat eigenlijk iedereen gelezen moet hebben. Nergens melodramatisch, maar het komt wel binnen!\" \/>\n<meta property=\"og:url\" content=\"http:\/\/www.liannedamen.nl\/index.php\/een-onvergetelijke-aanklacht-tegen-de-slavernij\/\" \/>\n<meta property=\"og:site_name\" content=\"lianne damen\" \/>\n<meta property=\"article:modified_time\" content=\"2020-11-07T13:47:37+00:00\" \/>\n<meta name=\"twitter:card\" content=\"summary_large_image\" \/>\n<script type=\"application\/ld+json\" class=\"yoast-schema-graph\">{\"@context\":\"https:\/\/schema.org\",\"@graph\":[{\"@type\":\"WebSite\",\"@id\":\"https:\/\/www.liannedamen.nl\/#website\",\"url\":\"https:\/\/www.liannedamen.nl\/\",\"name\":\"lianne damen\",\"description\":\"En garde, De smeekbede en andere projecten       \",\"potentialAction\":[{\"@type\":\"SearchAction\",\"target\":\"https:\/\/www.liannedamen.nl\/?s={search_term_string}\",\"query-input\":\"required name=search_term_string\"}],\"inLanguage\":\"nl-NL\"},{\"@type\":\"WebPage\",\"@id\":\"http:\/\/www.liannedamen.nl\/index.php\/een-onvergetelijke-aanklacht-tegen-de-slavernij\/#webpage\",\"url\":\"http:\/\/www.liannedamen.nl\/index.php\/een-onvergetelijke-aanklacht-tegen-de-slavernij\/\",\"name\":\"Een onvergetelijke aanklacht tegen de slavernij - lianne damen\",\"isPartOf\":{\"@id\":\"https:\/\/www.liannedamen.nl\/#website\"},\"datePublished\":\"2020-11-01T09:51:08+00:00\",\"dateModified\":\"2020-11-07T13:47:37+00:00\",\"description\":\"Miriam Vaz Dias op Hebban over De Smeekbede: Een onvergetelijk boek, dat eigenlijk iedereen gelezen moet hebben. Nergens melodramatisch, maar het komt wel binnen!\",\"inLanguage\":\"nl-NL\",\"potentialAction\":[{\"@type\":\"ReadAction\",\"target\":[\"http:\/\/www.liannedamen.nl\/index.php\/een-onvergetelijke-aanklacht-tegen-de-slavernij\/\"]}]}]}<\/script>\n<!-- \/ Yoast SEO plugin. -->","_links":{"self":[{"href":"https:\/\/www.liannedamen.nl\/index.php\/wp-json\/wp\/v2\/pages\/1093","targetHints":{"allow":["GET"]}}],"collection":[{"href":"https:\/\/www.liannedamen.nl\/index.php\/wp-json\/wp\/v2\/pages"}],"about":[{"href":"https:\/\/www.liannedamen.nl\/index.php\/wp-json\/wp\/v2\/types\/page"}],"author":[{"embeddable":true,"href":"https:\/\/www.liannedamen.nl\/index.php\/wp-json\/wp\/v2\/users\/1"}],"replies":[{"embeddable":true,"href":"https:\/\/www.liannedamen.nl\/index.php\/wp-json\/wp\/v2\/comments?post=1093"}],"version-history":[{"count":3,"href":"https:\/\/www.liannedamen.nl\/index.php\/wp-json\/wp\/v2\/pages\/1093\/revisions"}],"predecessor-version":[{"id":1217,"href":"https:\/\/www.liannedamen.nl\/index.php\/wp-json\/wp\/v2\/pages\/1093\/revisions\/1217"}],"wp:attachment":[{"href":"https:\/\/www.liannedamen.nl\/index.php\/wp-json\/wp\/v2\/media?parent=1093"}],"curies":[{"name":"wp","href":"https:\/\/api.w.org\/{rel}","templated":true}]}}